0?
-11110101010
In base 3, what is 20 - -1012221?
1020011
In base 15, what is -10 - 1e4?
-204
In base 3, what is -102022 - -1000?
-101022
In base 16, what is -4 + -8d1e?
-8d22
In base 9, what is -305 + -805?
-1211
In base 6, what is 2 - -11511210?
11511212
In base 15, what is 1c + 564?
581
In base 15, what is -2e0 + -9?
-2e9
In base 14, what is d7 - -93c?
a35
In base 13, what is -68a5a5 + 0?
-68a5a5
In base 6, what is -3 + -3052050?
-3052053
In base 12, what is -50a - 416?
-924
In base 12, what is 1 + 1978?
1979
In base 5, what is -2340 - -200?
-2140
In base 3, what is 101211 - -11210?
120121
In base 13, what is 4 + 3651?
3655
In base 15, what is 47ad5 - -4?
47ad9
In base 13, what is -2 - -500c?
500a
In base 3, what is -1220 + 1021010?
1012020
In base 8, what is -35 - 3310?
-3345
In base 4, what is -2 + 3230213?
3230211
In base 13, what is -2 + -575b?
-5760
In base 6, what is 152525 + 3?
152532
In base 16, what is f + a1?
b0
In base 3, what is 11010122 + 202122?
11220021
In base 9, what is 8 - 2455?
-2446
In base 2, what is -1110011111111111 + -1001?
-1110100000001000
In base 13, what is -20 + -984?
-9a4
In base 14, what is 654 - -a7?
71b
In base 8, what is 135 + 1350?
1505
In base 9, what is 3058 - 3?
3055
In base 9, what is 5345 + -20?
5325
In base 8, what is -3 + 102555?
102552
In base 11, what is 27 - -18784?
18800
In base 15, what is 435 + -3e?
3e6
In base 6, what is -41545443 + 2?
-41545441
In base 14, what is -4 + 77598?
77594
In base 9, what is 666632 - 4?
666627
In base 8, what is 421 - -5011?
5432
In base 8, what is 2 - -253160?
253162
In base 15, what is -2a + 105?
ca
In base 7, what is -4 - -263262?
263255
In base 15, what is -10022 + 21?
-10001
In base 4, what is 0 + -1030231311?
-1030231311
In base 2, what is 10111011110011 + -100101?
10111011001110
In base 14, what is 266 + -805?
-57d
In base 2, what is -1010101100101 - 1111101?
-1010111100010
In base 4, what is -1123211 + -3?
-1123220
In base 4, what is 3130 - 1122?
2002
In base 6, what is 311201 + 5?
311210
In base 12, what is -1 + 22012?
22011
In base 14, what is 8 - 225d7?
-225cd
In base 6, what is -3 + 3442300?
3442253
In base 10, what is 1 - 176442?
-176441
In base 2, what is -10 + 1100111010000111?
1100111010000101
In base 13, what is 4a - cb?
-81
In base 9, what is -73285 + 4?
-73281
In base 2, what is -1100101000101111011 - -11?
-1100101000101111000
In base 13, what is 934 + -5a?
8a7
In base 8, what is 1131454 + 2?
1131456
In base 11, what is -48a88 - -1?
-48a87
In base 12, what is 30a + a990?
b09a
In base 15, what is 13a - -188?
2c3
In base 8, what is 20 - -66632?
66652
In base 13, what is 0 - 3716?
-3716
In base 4, what is 10 + -132032030?
-132032020
In base 3, what is -11 + 2010210221?
2010210210
In base 4, what is -123300 - -21130?
-102110
In base 8, what is -1102 + 101?
-1001
In base 15, what is 12 - -16e7?
1709
In base 3, what is 1221011112 + 1?
1221011120
In base 9, what is -58030 + 224?
-57705
In base 16, what is -1a - -11640?
11626
In base 10, what is -22813 - -4?
-22809
In base 15, what is 204 - -24?
228
In base 9, what is 4585 + 276?
4872
In base 11, what is -22 - -4669?
4647
In base 8, what is -6327 + -5?
-6334
In base 6, what is -1101 + -451?
-1552
In base 12, what is -1 - 1499b?
-149a0
In base 4, what is -11 + 1010330?
1010313
In base 13, what is 29a42 + -1?
29a41
In base 11, what is -109395 - 3?
-109398
In base 3, what is -201000211 - -12?
-201000122
In base 9, what is 3 - 243283?
-243280
In base 3, what is 22 - 101001100021?
-101001022222
In base 16, what is -97 + fbb?
f24
In base 6, what is -42 + 235150?
235104
In base 8, what is -64 + -242?
-326
In base 4, what is 1 - -1000023?
1000030
In base 13, what is -a - -29b4?
29a7
In base 4, what is -12012332 + -10?
-12013002
In base 13, what is -53 + 1159?
1106
In base 16, what is 682 - -1b?
69d
In base 4, what is 3200133233 - -1?
3200133300
In base 12, what is 1b092 + -3?
1b08b
In base 3, what is -1012020 - 11022?
-1100112
In base 6, what is -50051 - 343?
-50434
In base 13, what is 286c8 + -26?
286a2
In base 8, what is -213300 - -4?
-213274
In base 8, what is 127 - 15710?
-15561
In base 15, what is e1 + -56c?
-47b
In base 10, what is -978189 + 6?
-978183
In base 12, what is 2ab6 + -143?
2973
In base 16, what is -4 - -2145f?
2145b
In base 6, what is 2425 - 243?
2142
In base 14, what is 2363 + 129?
248c
In base 7, what is 5 + 12623?
12631
In base 6, what is -42500 + 1140?
-41320
In base 9, what is -123410 + -3?
-123413
In base 2, what is -1001000 - 10110110111?
-10111111111
In base 10, what is -29 + -7?
-36
In base 7, what is -6 + -3045?
-3054
In base 9, what is -83 + -17342?
-17435
In base 3, what is 0 - -100012211212?
100012211212
In base 13, what is 49145c - 5?
491457
In base 9, what is -188416 + -1?
-188417
In base 8, what is -10135233 + 2?
-10135231
In base 6, what is -14 - 32222?
-32240
In base 3, what is 1020210 + -202120?
111020
In base 14, what is 5 + -11461?
-1145a
In base 15, what is -1a5e8 + -3?
-1a5eb
In base 3, what is 1 - 21221211?
-21221210
In base 11, what is -4 + 221783?
22177a
In base 7, what is -4511 - -16?
-4462
In base 8, what is -37 + -415?
-454
In base 7, what is -2212313 - 3?
-2212316
In base 5, what is 1341 + -3213?
-1322
In base 16, what is 34 - fcb?
-f97
In base 8, what is 42 - 24340?
-24276
In base 7, what is 122 + 64?
216
In base 8, what is 510 - 22101?
-21371
In base 9, what is 350 - 123?
226
In base 2, what is -10101111100 - 1010100110?
-100000100010
In base 15, what is 13d - 53?
da
In base 15, what is 24d3 - -1?
24d4
In base 3, what is 102 - 1100012220?
-1100012111
In base 2, what is -1011110110111 - 10?
-1011110111001
In base 10, what is -118 - 1785?
-1903
In base 10, what is 38982 - -14?
38996
In base 5, what is 21143 + 0?
21143
In base 7, what is 2 - 111626?
-111624
In base 15, what is -9 - -22909?
22900
In base 9, what is 0 + 20042?
20042
In base 16, what is 3e2e + 3?
3e31
In base 7, what is -1 - -2143632?
2143631
In base 15, what is 4 - -6a8d?
6a92
In base 11, what is -9315 - -132?
-9193
In base 14, what is -3 + db23?
db20
In base 8, what is 707615 - 4?
707611
In base 16, what is -8d2b + 11?
-8d1a
In base 3, what is 1010101210222 + -11?
1010101210211
In base 13, what is -24b4 - 292?
-2776
In base 15, what is -33 - -6c33?
6c00
In base 3, what is 120220001 + -122?
120212102
In base 7, what is 536 - -563?
1432
In base 7, what is 5 + 1366615?
1366623
In base 10, what is 192 - 66?
126
In base 12, what is -6971 + -1?
-6972
In base 4, what is 21000323 + 0?
21000323
In base 9, what is 11 + -45811?
-45800
In base 10, what is -6456839 + -2?
-6456841
In base 15, what is 3e2 + -42?
3a0
In base 13, what is 1050 - 164?
bb9
In base 9, what is 20256 + -1?
20255
In base 12, what is -3029 - 359?
-3386
In base 2, what is -1110010101 + 1011010?
-1100111011
In base 16, what is 283c + d?
2849
In base 3, what is 200 - -1221000?
1221200
In base 9, what is 14 - 323264?
-323250
In base 4, what is -10 + 1001130110?
1001130100
In base 8, what is 1014760 + 5?
1014765
In base 11, what is -608 - -12?
-5a6
In base 4, what is -22302132 + 302?
-22301230
In base 14, what is -c - -10a16?
10a08
In base 8, what is 352 - -246?
620
In base 10, what is -8 + 394214?
394206
In base 3, what is 1 + -121120122220?
-121120122212
In base 12, what is 38706 - -21?
38727
In base 3, what is -1 + -100022112220?
-100022112221
In base 11, what is 5a976 + -5?
5a971
In base 6, what is 53 + 222?
315
In base 10, what is -11537 + -119?
-11656
In base 9, what is 14108 - 54?
14044
In base 7, what is 1065 - 4666?
-3601
In base 4, what is 121300 + -312?
120322
In base 12, what is -8 - 333a2?
-333aa
In base 12, what is -57 - 88b?
-926
In base 13, what is -c2986 - 5?
-c298b
In base 8, what is -2257 + -114?
-2373
In base 4, what is 30 - 1010321230?
-1010321200
In base 7, what is -61 - -42566?
42505
In base 12, what is 10 - -3735?
3745
In base 16, what is b0 + -1139?
-1089
In base 9, what is 658574 - 8?
658565
In base 3, what is -100102011 + -10100?
-100112111
In base 11, what is 36 + -1a550?
-1a515
In base 10, what is -680 - -15?
-665
In base 13, what is -2632b - -6?
-26325
In base 13, what is 6 + -61494?
-6148b
In base 16, what is -3 + -1f22?
-1f25
In base 5, what is -1203 - 20?
-1223
In base 10, what is -4 - -553681?
553677
In base 